{"id":527,"date":"2023-11-02T23:30:16","date_gmt":"2023-11-02T22:30:16","guid":{"rendered":"https:\/\/diyps.catolica.edu.sv\/investiga\/?page_id=527"},"modified":"2024-04-12T05:49:25","modified_gmt":"2024-04-12T03:49:25","slug":"areas-de-los-docentes-investigadores","status":"publish","type":"page","link":"https:\/\/diyps.catolica.edu.sv\/investiga\/areas-de-los-docentes-investigadores\/","title":{"rendered":"Areas de Investigacion"},"content":{"rendered":"\t\t<div data-elementor-type=\"wp-page\" data-elementor-id=\"527\" class=\"elementor elementor-527\">\n\t\t\t\t\t\t\t<div class=\"elementor-element elementor-element-f47546a e-con-full e-flex e-con e-parent\" data-id=\"f47546a\" data-element_type=\"container\" data-settings=\"{&quot;content_width&quot;:&quot;full&quot;}\" data-core-v316-plus=\"true\">\n\t\t\t\t<div class=\"elementor-element elementor-element-4d4a8ef elementor-widget elementor-widget-html\" data-id=\"4d4a8ef\" data-element_type=\"widget\" data-widget_type=\"html.default\">\n\t\t\t\t<div class=\"elementor-widget-container\">\n\t\t\t<!DOCTYPE html>\n<html lang=\"es\">\n    <head>\n        <meta charset=\"utf-8\">\n        <meta name=\"viewport\" content=\"width=device-width, initial-scale=1\">\n        <link rel=\"preconnect\" href=\"https:\/\/fonts.googleapis.com\">\n        <link rel=\"preconnect\" href=\"https:\/\/fonts.gstatic.com\" crossorigin>\n        \n        <link href=\"https:\/\/cdn.jsdelivr.net\/npm\/bootstrap@5.3.2\/dist\/css\/bootstrap.min.css\" rel=\"stylesheet\" integrity=\"sha384-T3c6CoIi6uLrA9TneNEoa7RxnatzjcDSCmG1MXxSR1GAsXEV\/Dwwykc2MPK8M2HN\" crossorigin=\"anonymous\">\n        <style>\n        header {\n        background-color: #fff;\n        color: #000;\n        }\n\n        ul.navbar {\n        list-style-type: none;\n        margin: 0;\n        padding: 0;\n        display: flex;\n        }\n\n        ul.navbar li {\n        margin: 0;\n        padding: 0;\n        }\n        ul.navbar li a {\n        display: block;\n        padding: 20px 20px;\n        text-decoration: none;\n        color: #fff;\n        transition: background-color 0.3s, color 0.3s;\n        }\n\n        ul.navbar li a:hover {\n        background-color: transparent;\n        color: #981c1f;\n        }\n\n        ul.submenu {\n        display: none;\n        background-color: #981c1f;\n        position: absolute;\n        list-style: none;\n        margin: 0;\n        padding: 0;\n        }\n\n        ul.navbar li:hover ul.submenu {\n        display: block;\n        }\n        ul.submenu li {\n        margin: 0;\n        padding: 0;\n        }\n\n        ul.submenu li a {\n        padding: 10px 20px;\n        display: block;\n        color: #fff;\n        text-decoration: none;\n          transition: background-color 0.3s, color 0.3s;\n        }\n        ul.submenu li a:hover {\n        background-color: #fff;\n        color: #9d2721;\n        }\n        .navbarContainer{\n        margin: 30px 0px;\n        margin-left: auto; \n        margin-right: 100px;\n        }\n        #button1{\n            background: url(\"https:\/\/diyps.catolica.edu.sv\/investiga\/wp-content\/uploads\/2023\/11\/icon1.jpg\") no-repeat;\n                \n        }\n        #button2{\n            background: url(\"https:\/\/diyps.catolica.edu.sv\/investiga\/wp-content\/uploads\/2023\/11\/icon2.jpg\") no-repeat;\n        }\n        #button3{\n            background: url(\"https:\/\/diyps.catolica.edu.sv\/investiga\/wp-content\/uploads\/2023\/11\/icon3.jpg\") no-repeat;\n        }\n        #button4{\n            background: url(\"https:\/\/diyps.catolica.edu.sv\/investiga\/wp-content\/uploads\/2023\/11\/icon4.jpg\") no-repeat;\n        }\n        #button5{\n            background: url(\"https:\/\/diyps.catolica.edu.sv\/investiga\/wp-content\/uploads\/2023\/11\/icon5.jpg\") no-repeat;\n        }\n        #button6{\n            background: url(\"https:\/\/diyps.catolica.edu.sv\/investiga\/wp-content\/uploads\/2023\/11\/icon6.jpg\") no-repeat;\n        }\n        #button7{\n            background: url(\"https:\/\/diyps.catolica.edu.sv\/investiga\/wp-content\/uploads\/2023\/11\/icon7.jpg\") no-repeat;\n        }\n        #button8{\n            background: url(\"https:\/\/diyps.catolica.edu.sv\/investiga\/wp-content\/uploads\/2023\/11\/icon8.jpg\") no-repeat;\n        }\n        .bg-hover {\n            transition: filter 0.2s ease-in-out;\n        }\n\n        .bg-hover:hover {\n            filter: brightness(85%);\n        }\n\n        <\/style>\n    <\/head>\n    <body>\n        <section style=\"font-family: 'Montserrat', sans-serif;\">\n            <section>\n                <div class=\"d-flex\">\n                <div>\n                    <a href=\"https:\/\/diyps.catolica.edu.sv\/investiga\/\">\n                    <img decoding=\"async\" src=\"https:\/\/diyps.catolica.edu.sv\/investiga\/wp-content\/uploads\/2023\/11\/UNICAES_Logo3.png\" style=\"width: 290px; margin: 30px 50px;\"><\/a>\n                <\/div>\n                <div class=\"navbarContainer\">\n                    <ul class=\"navbar\">\n                        <li><a href=\"https:\/\/diyps.catolica.edu.sv\/investiga\/nosotros\/\">Nosotros<\/a><\/li>\n                        <li>\n                        <a href=\"https:\/\/diyps.catolica.edu.sv\/investiga\/investigacion\/\">Investigaci\u00f3n<\/a>\n                            <ul class=\"submenu\">\n                                            <li><a href=\"https:\/\/diyps.catolica.edu.sv\/investiga\/areas-de-los-docentes-investigadores\/\">Docentes investigadores<\/a><\/li>\n                                            <li><a href=\"https:\/\/diyps.catolica.edu.sv\/investiga\/facultades\/\">Facultades<\/a><\/li>\n                                            <li><a href=\"https:\/\/diyps.catolica.edu.sv\/investiga\/sello-editorial\/\">Editorial<\/a><\/li>\n                                <\/ul>\n                        <\/li>\n                        <li>\n                            <a href=\"https:\/\/diyps.catolica.edu.sv\/investiga\/proyeccion-social\/\">Proyecci\u00f3n Social<\/a>\n                            <ul class=\"submenu\">\n                                <li><a href=\"https:\/\/diyps.catolica.edu.sv\/investiga\/modalidades\/\">Modalidades<\/a><\/li>\n                                <li><a href=\"https:\/\/diyps.catolica.edu.sv\/investiga\/un-compromiso-con-la-sociedad\/\">Proyectos<\/a><\/li>\n                            <\/ul>\n                        <\/li>\n                        <li><a href=\"https:\/\/diyps.catolica.edu.sv\/investiga\/contacto\/\">Contacto<\/a><\/li>\n                    <\/ul>\n                <\/div>\n            <\/div>\n            <\/section>\n            <section class=\"container justify-content-center text-light ms-auto me-auto\" style=\"margin-bottom: 5%; margin-top:4%;\">\n                <div class=\"container\">\n                    <h1 class=\"fw-bold display-4 text-center\" style=\"font-family: 'Montserrat ExtraBold', Sans-Serif; margin: 5% 0%;\">\u00c1REAS DE INVESTIGACI\u00d3N<\/h1>\n                <\/div>\n                <div class=\"container d-flex justify-content-center align-items-center\" style=\"margin-bottom: 4%;\n                    cursor: pointer;\">\n                    <a href=\"https:\/\/diyps.catolica.edu.sv\/investiga\/educacion\/\" target=\"_blank\" class=\"bg-hover\" style=\"width: 238px; height: 170px; background-size: cover;\" id=\"button1\"><\/a>\n                    <a href=\"https:\/\/diyps.catolica.edu.sv\/investiga\/derecho\/\" target=\"_blank\" class=\"bg-hover\" style=\"width: 238px; height: 170px; background-size: cover;\" id=\"button2\"><\/a>\n                    <a href=\"https:\/\/diyps.catolica.edu.sv\/investiga\/economia-administracion-y-comercio\/\" target=\"_blank\" class=\"bg-hover\" style=\"width: 238px; height: 170px; background-size: cover;\" id=\"button3\"><\/a>\n                    <a href=\"https:\/\/diyps.catolica.edu.sv\/investiga\/salud\/\" target=\"_blank\" class=\"bg-hover\" style=\"width: 238px; height: 170px; background-size: cover;\" id=\"button4\"><\/a>\n                <\/div>\n                <div class=\"container d-flex justify-content-center align-items-center\" style=\"\n                    margin-bottom: 14%;\n                    cursor: pointer;\">\n                    <a href=\"https:\/\/diyps.catolica.edu.sv\/investiga\/arte-y-arquitectura\/\" target=\"_blank\" class=\"bg-hover\" style=\"width: 238px; height: 170px; background-size: cover;\" id=\"button5\"><\/a>\n                    <a href=\"https:\/\/diyps.catolica.edu.sv\/investiga\/agropecuaria-y-medio-ambiente\/\" target=\"_blank\" class=\"bg-hover\" style=\"width: 238px; height: 170px; background-size: cover;\" id=\"button6\"><\/a>\n                    <a href=\"https:\/\/diyps.catolica.edu.sv\/investiga\/tecnologia\/\" target=\"_blank\" class=\"bg-hover\" style=\"width: 238px; height: 170px; background-size: cover;\" id=\"button7\"><\/a>\n                    <a href=\"https:\/\/diyps.catolica.edu.sv\/investiga\/ciencias-sociales\/\" target=\"_blank\" class=\"bg-hover\" style=\"width: 238px; height: 170px; background-size: cover;\" id=\"button8\"><\/a>\n                <\/div>\n            <\/section>\n            <section>\n                <div class=\"d-flex p-1 mt-5\" style=\"font-size: 11.4pt; background-color:#971C1F;\">\n                    <div class=\"p-2\">\n                        <a style=\"color: white;\" href=\"https:\/\/catolica.edu.sv\/\" target=\"_blank\" rel=\"noopener\">UNICAES<\/a>\n                    <\/div>\n                    <div class=\"p-2\">\n                        <a style=\"color: white;\" href=\"https:\/\/diyps.catolica.edu.sv\/investiga\/politica-privacidad\/\" target=\"_blank\" rel=\"noopener\">Pol\u00edticas<\/a>\n                    <\/div>\n                    <div class=\"p-2\">\n                        <a style=\"color: white;\" href=\"https:\/\/bibliotecaunicaes.catolica.edu.sv\/\" target=\"_blank\" rel=\"noopener\">Biblioteca Miguel de Cervantes<\/a>\n                    <\/div>\n                <\/div>\n            <\/section>\n        <\/section>\n        <script src=\"https:\/\/cdn.jsdelivr.net\/npm\/bootstrap@5.3.2\/dist\/js\/bootstrap.bundle.min.js\" integrity=\"sha384-C6RzsynM9kWDrMNeT87bh95OGNyZPhcTNXj1NW7RuBCsyN\/o0jlpcV8Qyq46cDfL\" crossorigin=\"anonymous\"><\/script>\n    <\/body>\n<\/html>\t\t<\/div>\n\t\t\t\t<\/div>\n\t\t\t\t<\/div>\n\t\t\t\t\t\t\t<\/div>\n\t\t","protected":false},"excerpt":{"rendered":"<p>Nosotros Investigaci\u00f3n Docentes investigadores Facultades Editorial Proyecci\u00f3n Social Modalidades Proyectos Contacto \u00c1REAS DE INVESTIGACI\u00d3N UNICAES Pol\u00edticas Biblioteca Miguel de Cervantes<\/p>\n","protected":false},"author":2,"featured_media":0,"parent":0,"menu_order":0,"comment_status":"closed","ping_status":"closed","template":"elementor_canvas","meta":{"footnotes":""},"class_list":["post-527","page","type-page","status-publish","hentry"],"_links":{"self":[{"href":"https:\/\/diyps.catolica.edu.sv\/investiga\/wp-json\/wp\/v2\/pages\/527","targetHints":{"allow":["GET"]}}],"collection":[{"href":"https:\/\/diyps.catolica.edu.sv\/investiga\/wp-json\/wp\/v2\/pages"}],"about":[{"href":"https:\/\/diyps.catolica.edu.sv\/investiga\/wp-json\/wp\/v2\/types\/page"}],"author":[{"embeddable":true,"href":"https:\/\/diyps.catolica.edu.sv\/investiga\/wp-json\/wp\/v2\/users\/2"}],"replies":[{"embeddable":true,"href":"https:\/\/diyps.catolica.edu.sv\/investiga\/wp-json\/wp\/v2\/comments?post=527"}],"version-history":[{"count":166,"href":"https:\/\/diyps.catolica.edu.sv\/investiga\/wp-json\/wp\/v2\/pages\/527\/revisions"}],"predecessor-version":[{"id":3308,"href":"https:\/\/diyps.catolica.edu.sv\/investiga\/wp-json\/wp\/v2\/pages\/527\/revisions\/3308"}],"wp:attachment":[{"href":"https:\/\/diyps.catolica.edu.sv\/investiga\/wp-json\/wp\/v2\/media?parent=527"}],"curies":[{"name":"wp","href":"https:\/\/api.w.org\/{rel}","templated":true}]}}