{"id":2261,"date":"2024-01-26T05:25:17","date_gmt":"2024-01-26T04:25:17","guid":{"rendered":"https:\/\/diyps.catolica.edu.sv\/investiga\/?page_id=2261"},"modified":"2024-05-07T22:18:49","modified_gmt":"2024-05-07T20:18:49","slug":"repositorio-anuario-de-investigacion-2022","status":"publish","type":"page","link":"https:\/\/diyps.catolica.edu.sv\/investiga\/repositorio-anuario-de-investigacion-2022\/","title":{"rendered":"Repositorio Anuario de Investigaci\u00f3n 2022"},"content":{"rendered":"\t\t<div data-elementor-type=\"wp-page\" data-elementor-id=\"2261\" class=\"elementor elementor-2261\">\n\t\t\t\t\t\t\t<div class=\"elementor-element elementor-element-8dbc2be e-con-full e-flex e-con e-parent\" data-id=\"8dbc2be\" data-element_type=\"container\" data-settings=\"{&quot;content_width&quot;:&quot;full&quot;}\" data-core-v316-plus=\"true\">\n\t\t\t\t<div class=\"elementor-element elementor-element-d2585d6 elementor-widget elementor-widget-html\" data-id=\"d2585d6\" data-element_type=\"widget\" data-widget_type=\"html.default\">\n\t\t\t\t<div class=\"elementor-widget-container\">\n\t\t\t<!DOCTYPE html>\r\n<html lang=\"es\">\r\n    <head>\r\n        <meta charset=\"utf-8\">\r\n        <meta name=\"viewport\" content=\"width=device-width, initial-scale=1\">\r\n        <link rel=\"preconnect\" href=\"https:\/\/fonts.googleapis.com\">\r\n        <link rel=\"preconnect\" href=\"https:\/\/fonts.gstatic.com\" crossorigin>\r\n        \r\n        <link href=\"https:\/\/cdn.jsdelivr.net\/npm\/bootstrap@5.3.2\/dist\/css\/bootstrap.min.css\" rel=\"stylesheet\" integrity=\"sha384-T3c6CoIi6uLrA9TneNEoa7RxnatzjcDSCmG1MXxSR1GAsXEV\/Dwwykc2MPK8M2HN\" crossorigin=\"anonymous\">\r\n        <link rel=\"stylesheet\" href=\"https:\/\/cdn.jsdelivr.net\/npm\/bootstrap-icons@1.11.3\/font\/bootstrap-icons.min.css\">\r\n    <style>\r\n    header {\r\n      background-color: transparent;\r\n      color: #000;\r\n    }\r\n\r\n    ul.navbar {\r\n      list-style-type: none;\r\n      margin: 0;\r\n      padding: 0;\r\n      display: flex;\r\n    }\r\n\r\n    ul.navbar li {\r\n      margin: 0;\r\n      padding: 0;\r\n    }\r\n    ul.navbar li a {\r\n      display: block;\r\n      padding: 20px 20px;\r\n      text-decoration: none;\r\n      color: #fff;\r\n      transition: background-color 0.3s, color 0.3s;\r\n    }\r\n\r\n    ul.navbar li a:hover {\r\n      background-color: transparent;\r\n      color: #b26062;\r\n    }\r\n\r\n    ul.submenu {\r\n      display: none;\r\n      background-color: #9d2721;\r\n      position: absolute;\r\n      list-style: none;\r\n      margin: 0;\r\n      padding: 0;\r\n    }\r\n\r\n    ul.navbar li:hover ul.submenu {\r\n      display: block;\r\n    }\r\n    ul.submenu li {\r\n      margin: 0;\r\n      padding: 0;\r\n    }\r\n\r\n    ul.submenu li a {\r\n      padding: 10px 20px;\r\n      display: block;\r\n      color: #fff;\r\n      text-decoration: none;\r\n      transition: background-color 0.3s, color 0.3s;\r\n    }\r\n    ul.submenu li a:hover {\r\n      background-color: #fff;\r\n      color: #9d2721;\r\n    }\r\n    .navbarContainer{\r\n        margin: 30px 0px 30px 0px;\r\n        margin-left: auto; \r\n        margin-right: 100px;\r\n    }\r\n    .customLink{\r\n        color: #9d2721;\r\n    }\r\n    \r\n    .customLink:hover{\r\n        color: #212529;\r\n    }\r\n    <\/style>\r\n    <\/head>\r\n    <body>\r\n        <section style=\"font-family: 'Montserrat Medium', sans-serif;\">\r\n            <section style=\"background-color: #781113\">\r\n                <div class=\"d-flex\">\r\n                    <div> \r\n                        <a href=\"https:\/\/diyps.catolica.edu.sv\/investiga\/\"><img decoding=\"async\" src=\"https:\/\/diyps.catolica.edu.sv\/investiga\/wp-content\/uploads\/2023\/11\/UNICAES_Logo3.png\" style=\"width: 290px; margin: 30px 50px;\"><\/a>\r\n                    <\/div>\r\n                    <div class=\"navbarContainer\">\r\n                        <ul class=\"navbar\">\r\n                            <li><a href=\"https:\/\/diyps.catolica.edu.sv\/investiga\/nosotros\/\">Nosotros<\/a><\/li>\r\n                            <li>\r\n                            <a href=\"https:\/\/diyps.catolica.edu.sv\/investiga\/investigacion\/\">Investigaci\u00f3n<\/a>\r\n                                <ul class=\"submenu\">\r\n                                            <li><a href=\"https:\/\/diyps.catolica.edu.sv\/investiga\/areas-de-los-docentes-investigadores\/\">Docentes investigadores<\/a><\/li>\r\n                                            <li><a href=\"https:\/\/diyps.catolica.edu.sv\/investiga\/facultades\/\">Facultades<\/a><\/li>\r\n                                            <li><a href=\"https:\/\/diyps.catolica.edu.sv\/investiga\/sello-editorial\/\">Editorial<\/a><\/li>\r\n                                <\/ul>\r\n                            <\/li>\r\n                            <li>\r\n                                <a href=\"https:\/\/diyps.catolica.edu.sv\/investiga\/proyeccion-social\/\">Proyecci\u00f3n Social<\/a>\r\n                                <ul class=\"submenu\">\r\n                                    <li><a href=\"https:\/\/diyps.catolica.edu.sv\/investiga\/modalidades\/\">Modalidades<\/a><\/li>\r\n                                    <li><a href=\"https:\/\/diyps.catolica.edu.sv\/investiga\/un-compromiso-con-la-sociedad\/\">Proyectos<\/a><\/li>\r\n                                <\/ul>\r\n                            <\/li>\r\n                            <li><a href=\"https:\/\/diyps.catolica.edu.sv\/investiga\/contacto\/\">Contacto<\/a><\/li>\r\n                        <\/ul>\r\n                    <\/div>\r\n                <\/div>\r\n            <\/section>\r\n            <section style=\"background-color: #9d2721\">\r\n                <div class=\"container text-center align-items-center p-3\">\r\n                    <h1 class=\"display-5\" style=\"color: white; font-family: 'Montserrat black', Sans-Serif;\">ANUARIO DE INVESTIGACI\u00d3N<\/h1>\r\n                <\/div>\r\n            <\/section>\r\n            <section>\r\n                <div class=\"container\">\r\n                  <div class=\"row\">\r\n                    <div class=\"col-2\">\r\n                      \r\n                    <\/div>\r\n                    <div class=\"col-8\">\r\n                        <div class=\"container border-start border-end border-bottom pb-5\">\r\n                            <div class=\"container d-flex pt-4 pb-4\">\r\n                                <img decoding=\"async\" class=\"container\" style=\"width: 25%;\" src=\"https:\/\/diyps.catolica.edu.sv\/investiga\/wp-content\/uploads\/2023\/11\/logoAnuarioInve.jpg\">\r\n                                <p class=\"container\" style=\"text-align: justify;\">\r\n                                    El Anuario de Investigaci\u00f3n de la Universidad Cat\u00f3lica de El Salvador es un medio de difusi\u00f3n cient\u00ed\ufb01ca para la comunidad acad\u00e9mica de periodicidad anual. La \ufb01nalidad de esta publicaci\u00f3n es generar un espacio de difusi\u00f3n, en el que los docentes investigadores de la Universidad puedan publicar art\u00edculos originales, producto de las investigaciones que realizan.\r\n                                <\/p>\r\n                            <\/div>\r\n                            <div class=\"container pt-3 pb-3\" style=\"font-family: 'Montserrat SemiBold', sans-serif;\">\r\n                                <h5 style=\"color: #9d2721;\">N\u00famero actual<\/h5>\r\n                            <\/div>\r\n                            <div class=\"container\"> \r\n                                <p><span style=\"font-weight: bold;\">Vol. 12 N\u00fam. 1 (2023)<\/span><\/p>\r\n                            <\/div>\r\n                                <div class=\"container d-flex\">\r\n                                    <img decoding=\"async\" src=\"https:\/\/diyps.catolica.edu.sv\/investiga\/wp-content\/uploads\/2023\/11\/test4.jpg\" style=\"width: 25%;\">\r\n                                    <p class=\"p-4\"><span style=\"font-weight: bold;\">Publicado: <\/span>2023<\/p>\r\n                                <\/div>\r\n                        <\/div>\r\n                        <div class=\"container border-start border-end border-bottom pt-5 pb-5\">\r\n                            <div class=\"container\">\r\n                                <p><span style=\"color: #9d2721; font-family: 'Montserrat SemiBold'\">Comit\u00e9 de Arbitraje 2022<\/span><\/p>\r\n                                <a href=\"https:\/\/diyps.catolica.edu.sv\/investiga\/wp-content\/uploads\/2024\/01\/COMITEA-AI11.pdf\" type=\"button\" class=\"btn btn-outline-dark\" target=\"_blank\"><i class=\"bi bi-file-earmark-pdf\"><\/i> PDF<\/a>\r\n                            <\/div>\r\n                        <\/div>\r\n                        <div class=\"container border-start border-end pt-5\">\r\n                                <div class=\"container text-center\"><p>ART\u00cdCULOS<\/p><\/div>\r\n                                <div class=\"container pt-3\">\r\n                                    <p><span style=\"color: #9d2721; font-family: 'Montserrat SemiBold'\">Orientaci\u00f3n familiar: definiciones, prop\u00f3sitos estrategias y procesos para garantizar el desarrollo multidimensional del ser humano.<\/span><\/p>\r\n                                    <p>Jes\u00fas Morales<\/p>\r\n                                    <a href=\"https:\/\/diyps.catolica.edu.sv\/investiga\/wp-content\/uploads\/2024\/01\/01OrientacionAI22.pdf\" type=\"button\" class=\"btn btn-outline-dark\" target=\"_blank\"><i class=\"bi bi-file-earmark-pdf\"><\/i> PDF<\/a>\r\n                                <\/div>\r\n                                <div class=\"container pt-5\">\r\n                                    <p><span style=\"color: #9d2721; font-family: 'Montserrat SemiBold'\">Acompa\u00f1amiento de los grupos primarios en la ense\u00f1anza- aprendizaje durante la pandemia por COVID-19.<\/span><\/p>\r\n                                    <p>Marni Lorena Hern\u00e1ndez Monterroza<\/p>\r\n                                    <a href=\"https:\/\/diyps.catolica.edu.sv\/investiga\/wp-content\/uploads\/2024\/01\/02AcompanamientoAI22.pdf\" type=\"button\" class=\"btn btn-outline-dark\"  target=\"_blank\"><i class=\"bi bi-file-earmark-pdf\"><\/i> PDF<\/a>\r\n                                <\/div>\r\n                                <div class=\"container pt-5\">\r\n                                    <p><span style=\"color: #9d2721; font-family: 'Montserrat SemiBold'\">Factores psicosociales que influyen en el rendimiento acad\u00e9mico de los estudiantes universitarios.<\/span><\/p>\r\n                                    <p>Juan Jos\u00e9 L\u00f3pez Campos<\/p>\r\n                                    <a href=\"https:\/\/diyps.catolica.edu.sv\/investiga\/wp-content\/uploads\/2024\/01\/03FactoresAI22.pdf\" type=\"button\" class=\"btn btn-outline-dark\" target=\"_blank\"><i class=\"bi bi-file-earmark-pdf\"><\/i> PDF<\/a>\r\n                                <\/div>\r\n                                <div class=\"container pt-5\">\r\n                                    <p><span style=\"color: #9d2721; font-family: 'Montserrat SemiBold'\">Competencias y retos de docentes UNICAES en el dise\u00f1o de ambientes y recursos virtuales de aprendizaje.<\/span><\/p>\r\n                                    <p>Tatiana Karina Arag\u00f3n Aguilar<\/p>\r\n                                    <a href=\"https:\/\/diyps.catolica.edu.sv\/investiga\/wp-content\/uploads\/2024\/01\/04CompetenciasAI22-1.pdf\" type=\"button\" class=\"btn btn-outline-dark\" target=\"_blank\"><i class=\"bi bi-file-earmark-pdf\"><\/i> PDF<\/a>\r\n                                <\/div>\r\n                                <div class=\"container pt-5\">\r\n                                    <p><span style=\"color: #9d2721; font-family: 'Montserrat SemiBold'\">Tipo de metodolog\u00eda docente aplicada en Programa virtual de cursos libres de ingl\u00e9s.<\/span><\/p>\r\n                                    <p>Johana Iveth Delgado de Hern\u00e1ndez,\r\n                                        Vilma Lisseth Majano Garc\u00eda<\/p>\r\n                                    <a href=\"https:\/\/diyps.catolica.edu.sv\/investiga\/wp-content\/uploads\/2024\/01\/05MetodologiaAI22-1.pdf\" type=\"button\" class=\"btn btn-outline-dark\" target=\"_blank\"><i class=\"bi bi-file-earmark-pdf\"><\/i> PDF<\/a>\r\n                                <\/div>\r\n                                <div class=\"container pt-5\">\r\n                                    <p><span style=\"color: #9d2721; font-family: 'Montserrat SemiBold'\">Los desaf\u00edos tecnol\u00f3gicos de los docentes de pregrado de la Universidad Cat\u00f3lica de El Salvador en tiempos de pandemia.<\/span><\/p>\r\n                                    <p>Sof\u00eda Elizabeth Mor\u00e1n de Menj\u00edvar,\r\n                                        Elsa Margarita Aquino Guzm\u00e1n,\r\n                                        Eva Luisa Estrada de Zald\u00edvar<\/p>\r\n                                    <a href=\"https:\/\/diyps.catolica.edu.sv\/investiga\/wp-content\/uploads\/2024\/01\/06DesafiosAI22-1.pdf\" type=\"button\" class=\"btn btn-outline-dark\" target=\"_blank\"><i class=\"bi bi-file-earmark-pdf\"><\/i> PDF<\/a>\r\n                                <\/div>\r\n                                <div class=\"container pt-5\">\r\n                                    <p><span style=\"color: #9d2721; font-family: 'Montserrat SemiBold'\">Factores personales de riesgo de enfermedades cr\u00f3nicas no transmisibles, cardiovasculares y endocrinas en estudiantes de Enfermer\u00eda del municipio de Santa Ana.<\/span><\/p>\r\n                                    <p>Elvia Maritza Liborio Avil\u00e9s,\r\n                                        Cristina Elizabeth Mart\u00ednez de Rivas,\r\n                                        Rosa Velinda D\u00edaz de G\u00f3chez<\/p>\r\n                                    <a href=\"https:\/\/diyps.catolica.edu.sv\/investiga\/wp-content\/uploads\/2024\/01\/07CardiovascularesAI22-1.pdf\" type=\"button\" class=\"btn btn-outline-dark\" target=\"_blank\"><i class=\"bi bi-file-earmark-pdf\"><\/i> PDF<\/a>\r\n                                <\/div>\r\n                                <div class=\"container pt-5\">\r\n                                    <p><span style=\"color: #9d2721; font-family: 'Montserrat SemiBold'\">Transformaci\u00f3n digital: una necesidad actual para la innovaci\u00f3n y el desarrollo de las peque\u00f1as y medianas empresas salvadore\u00f1as.<\/span><\/p>\r\n                                    <p>Carlos Edmundo Sayes,\r\n                                        Vidal Enrique Cerritos Maga\u00f1a<\/p>\r\n                                    <a href=\"https:\/\/diyps.catolica.edu.sv\/investiga\/wp-content\/uploads\/2024\/01\/08TransformacionAI22-1.pdf\" type=\"button\" class=\"btn btn-outline-dark\"  target=\"_blank\"><i class=\"bi bi-file-earmark-pdf\"><\/i> PDF<\/a>\r\n                                <\/div>\r\n                                <div class=\"container pt-5\">\r\n                                    <p><span style=\"color: #9d2721; font-family: 'Montserrat SemiBold'\">Buyer persona en las peque\u00f1as y medianas empresas en el sector tur\u00edstico del departamento de Santa Ana, El Salvador. Caso pr\u00e1ctico: restaurantes.<\/span><\/p>\r\n                                    <p>Yeyli Yalitza Retana de Guirola,\r\n                                        Karla Valeria L\u00f3pez<\/p>\r\n                                    <a href=\"https:\/\/diyps.catolica.edu.sv\/investiga\/wp-content\/uploads\/2024\/01\/09BuyerAI22-1.pdf\" type=\"button\" class=\"btn btn-outline-dark\"  target=\"_blank\"><i class=\"bi bi-file-earmark-pdf\"><\/i> PDF<\/a>\r\n                                <\/div>\r\n                        <\/div>\r\n                        <div class=\"container border-start border-end pt-5 pb-5 text-center\">\r\n                            <a class=\"customLink\" href=\"https:\/\/diyps.catolica.edu.sv\/investiga\/anuario-de-investigacion\/\" target=\"_blank\">Ver todos los n\u00fameros <i class=\"bi bi-arrow-right-circle\"><\/i><\/a>\r\n                        <\/div>\r\n                    <\/div>\r\n                    <div class=\"col pt-4\">\r\n                      <!--<p>Informaci\u00f3n<\/p>\r\n                      <a class=\"customLink\" href=\"\">Para lectores\/as<\/a><br>\r\n                      <a class=\"customLink\" href=\"\">Para autores\/as<\/a><br>\r\n                      <a class=\"customLink\" href=\"\">Para bibliotecarios\/as<\/a><br>\r\n                      <br><p>Idioma<\/p>\r\n                      <a class=\"customLink\" href=\"\">Ingl\u00e9s<\/a><br>\r\n                      <a class=\"customLink\" href=\"\">Espa\u00f1ol<\/a>-->\r\n                    <\/div>\r\n                  <\/div>\r\n                <\/div>\r\n            <\/section>\r\n            <section style=\"background-color: #dee2e6\">\r\n            <div class=\"container text-center pt-3 pb-1 align-items-center justify-content-center\">\r\n                <p>Anuario de Investigaci\u00f3n: Universidad Cat\u00f3lica de El Salvador<br>\r\n                    ISSN 2227-4235 eISSN 2518-802X<\/p>\r\n            <\/div>\r\n        <\/section>\r\n        <\/section>\r\n        <footer style=\"font-family: 'Montserrat', sans-serif;\">\r\n                <div class=\"d-flex p-1\" style=\"font-size: 11.4pt; background-color:#971C1F;\">\r\n                    <div class=\"p-2\">\r\n                        <a style=\"color: white;\" href=\"https:\/\/catolica.edu.sv\/\" target=\"_blank\" rel=\"noopener\">UNICAES<\/a>\r\n                    <\/div>\r\n                    <div class=\"p-2\">\r\n                        <a style=\"color: white;\" href=\"https:\/\/diyps.catolica.edu.sv\/investiga\/politica-privacidad\/\" target=\"_blank\" rel=\"noopener\">Pol\u00edticas<\/a>\r\n                    <\/div>\r\n                    <div class=\"p-2\">\r\n                        <a style=\"color: white;\" href=\"https:\/\/bibliotecaunicaes.catolica.edu.sv\/\" target=\"_blank\" rel=\"noopener\">Biblioteca Miguel de Cervantes<\/a>\r\n                    <\/div>\r\n                <\/div>\r\n            <\/footer>\r\n        <script src=\"https:\/\/cdn.jsdelivr.net\/npm\/bootstrap@5.3.2\/dist\/js\/bootstrap.bundle.min.js\" integrity=\"sha384-C6RzsynM9kWDrMNeT87bh95OGNyZPhcTNXj1NW7RuBCsyN\/o0jlpcV8Qyq46cDfL\" crossorigin=\"anonymous\"><\/script>\r\n    <\/body>\r\n<\/html>\t\t<\/div>\n\t\t\t\t<\/div>\n\t\t\t\t<\/div>\n\t\t\t\t\t\t\t<\/div>\n\t\t","protected":false},"excerpt":{"rendered":"<p>Nosotros Investigaci\u00f3n Docentes investigadores Facultades Editorial Proyecci\u00f3n Social Modalidades Proyectos Contacto ANUARIO DE INVESTIGACI\u00d3N El Anuario de Investigaci\u00f3n de la Universidad Cat\u00f3lica de El Salvador es un medio de difusi\u00f3n cient\u00ed\ufb01ca para la comunidad acad\u00e9mica de periodicidad anual. La \ufb01nalidad de esta publicaci\u00f3n es generar un espacio de difusi\u00f3n, en el que los docentes investigadores [&hellip;]<\/p>\n","protected":false},"author":2,"featured_media":0,"parent":0,"menu_order":0,"comment_status":"closed","ping_status":"closed","template":"elementor_canvas","meta":{"footnotes":""},"class_list":["post-2261","page","type-page","status-publish","hentry"],"_links":{"self":[{"href":"https:\/\/diyps.catolica.edu.sv\/investiga\/wp-json\/wp\/v2\/pages\/2261","targetHints":{"allow":["GET"]}}],"collection":[{"href":"https:\/\/diyps.catolica.edu.sv\/investiga\/wp-json\/wp\/v2\/pages"}],"about":[{"href":"https:\/\/diyps.catolica.edu.sv\/investiga\/wp-json\/wp\/v2\/types\/page"}],"author":[{"embeddable":true,"href":"https:\/\/diyps.catolica.edu.sv\/investiga\/wp-json\/wp\/v2\/users\/2"}],"replies":[{"embeddable":true,"href":"https:\/\/diyps.catolica.edu.sv\/investiga\/wp-json\/wp\/v2\/comments?post=2261"}],"version-history":[{"count":36,"href":"https:\/\/diyps.catolica.edu.sv\/investiga\/wp-json\/wp\/v2\/pages\/2261\/revisions"}],"predecessor-version":[{"id":3839,"href":"https:\/\/diyps.catolica.edu.sv\/investiga\/wp-json\/wp\/v2\/pages\/2261\/revisions\/3839"}],"wp:attachment":[{"href":"https:\/\/diyps.catolica.edu.sv\/investiga\/wp-json\/wp\/v2\/media?parent=2261"}],"curies":[{"name":"wp","href":"https:\/\/api.w.org\/{rel}","templated":true}]}}