{"id":1093,"date":"2023-11-25T18:09:03","date_gmt":"2023-11-25T17:09:03","guid":{"rendered":"https:\/\/diyps.catolica.edu.sv\/investiga\/?page_id=1093"},"modified":"2024-04-14T22:48:59","modified_gmt":"2024-04-14T20:48:59","slug":"contacto","status":"publish","type":"page","link":"https:\/\/diyps.catolica.edu.sv\/investiga\/contacto\/","title":{"rendered":"Contacto"},"content":{"rendered":"\t\t<div data-elementor-type=\"wp-page\" data-elementor-id=\"1093\" class=\"elementor elementor-1093\">\n\t\t\t\t\t\t\t<div class=\"elementor-element elementor-element-e3c3568 e-con-full e-flex e-con e-parent\" data-id=\"e3c3568\" data-element_type=\"container\" data-settings=\"{&quot;content_width&quot;:&quot;full&quot;,&quot;background_background&quot;:&quot;classic&quot;}\" data-core-v316-plus=\"true\">\n\t\t\t\t<div class=\"elementor-element elementor-element-5e77585 elementor-widget elementor-widget-html\" data-id=\"5e77585\" data-element_type=\"widget\" data-widget_type=\"html.default\">\n\t\t\t\t<div class=\"elementor-widget-container\">\n\t\t\t<!DOCTYPE html>\r\n<html lang=\"es\">\r\n    <head>\r\n        <meta charset=\"utf-8\">\r\n        <meta name=\"viewport\" content=\"width=device-width, initial-scale=1\">\r\n        <link href=\"https:\/\/cdn.jsdelivr.net\/npm\/bootstrap@5.3.2\/dist\/css\/bootstrap.min.css\" rel=\"stylesheet\" integrity=\"sha384-T3c6CoIi6uLrA9TneNEoa7RxnatzjcDSCmG1MXxSR1GAsXEV\/Dwwykc2MPK8M2HN\" crossorigin=\"anonymous\">\r\n        <link rel=\"stylesheet\" href=\"https:\/\/cdn.jsdelivr.net\/npm\/bootstrap-icons@1.11.2\/font\/bootstrap-icons.min.css\">\r\n        <link rel=\"preconnect\" href=\"https:\/\/fonts.googleapis.com\">\r\n        <link rel=\"preconnect\" href=\"https:\/\/fonts.gstatic.com\" crossorigin>\r\n        <style>\r\n            header {\r\n                background-color: transparent;\r\n                color: #fff;\r\n            }\r\n            ul.navbar {\r\n                list-style-type: none;\r\n                margin: 0;\r\n                padding: 0;\r\n                display: flex;\r\n            }\r\n            ul.navbar li {\r\n                margin: 0;\r\n                padding: 0;\r\n            }\r\n            ul.navbar li a {\r\n                display: block;\r\n                padding: 20px 20px;\r\n                text-decoration: none;\r\n                color: #fff;\r\n                transition: background-color 0.3s, color 0.3s;\r\n            }\r\n            ul.navbar li a:hover {\r\n                background-color: transparent;\r\n                color: #9d2721;\r\n            }\r\n            ul.submenu {\r\n                display: none;\r\n                background-color: #9d2721;\r\n                position: absolute;\r\n                list-style: none;\r\n                margin: 0;\r\n                padding: 0;\r\n            }\r\n            ul.navbar li:hover ul.submenu {\r\n                display: block;\r\n            }\r\n            ul.submenu li {\r\n                margin: 0;\r\n                padding: 0;\r\n            }\r\n            ul.submenu li a {\r\n                padding: 10px 20px;\r\n                display: block;\r\n                color: #fff;\r\n                text-decoration: none;\r\n                transition: background-color 0.3s, color 0.3s;\r\n            }\r\n            ul.submenu li a:hover {\r\n                background-color: #fff;\r\n                color: #9d2721;\r\n            }\r\n            .navbarContainer{\r\n                margin: 30px 0px 30px 0px;\r\n                margin-left: auto; \r\n                margin-right: 100px;\r\n            }\r\n            .container1{\r\n                display: flex;\r\n            }\r\n            .container1 img{\r\n                width: 290px;\r\n                margin: 30px 50px 30px 50px;\r\n            }\r\n            #Btn1{\r\n                border-width: 2px;\r\n                border-radius: 20px;\r\n                padding:10px 30px;\r\n                margin: 0px 20px 0px auto;\r\n                width: 200px;\r\n            }\r\n            #Btn2{\r\n                border-width: 2px;\r\n                border-radius: 20px;\r\n                padding:10px 30px;\r\n                margin: 0px auto 0px 20px;\r\n                width: 200px;\r\n            }\r\n            .Buttons{\r\n                display: flex;\r\n                margin-bottom: 150px;\r\n            }\r\n            .text-on-background{\r\n                color:white;\r\n                text-align: center;\r\n            }\r\n        <\/style>\r\n    <\/head>\r\n    <body>\r\n        <section style=\"font-family: 'Montserrat', sans-serif;\">\r\n            <section>\r\n                <div class=\"container1\">\r\n                    <div> \r\n                        <a href=\"https:\/\/diyps.catolica.edu.sv\/investiga\/\"><img decoding=\"async\" src=\"https:\/\/diyps.catolica.edu.sv\/investiga\/wp-content\/uploads\/2023\/11\/UNICAES_Logo3.png\"><\/a>\r\n                    <\/div>\r\n                    <div class=\"navbarContainer\">\r\n                        <ul class=\"navbar\">\r\n                            <li><a href=\"https:\/\/diyps.catolica.edu.sv\/investiga\/nosotros\/\">Nosotros<\/a><\/li>\r\n                            <li>\r\n                                <a href=\"https:\/\/diyps.catolica.edu.sv\/investiga\/investigacion\/\">Investigaci\u00f3n<\/a>\r\n                                <ul class=\"submenu\">\r\n                                            <li><a href=\"https:\/\/diyps.catolica.edu.sv\/investiga\/areas-de-los-docentes-investigadores\/\">Docentes investigadores<\/a><\/li>\r\n                                            <li><a href=\"https:\/\/diyps.catolica.edu.sv\/investiga\/facultades\/\">Facultades<\/a><\/li>\r\n                                            <li><a href=\"https:\/\/diyps.catolica.edu.sv\/investiga\/sello-editorial\/\">Editorial<\/a><\/li>\r\n                                <\/ul>\r\n                            <\/li>\r\n                            <li>\r\n                                <a href=\"https:\/\/diyps.catolica.edu.sv\/investiga\/proyeccion-social\/\">Proyecci\u00f3n Social<\/a>\r\n                                <ul class=\"submenu\">\r\n                                    <li><a href=\"https:\/\/diyps.catolica.edu.sv\/investiga\/modalidades\/\">Modalidades<\/a><\/li>\r\n                                    <li><a href=\"https:\/\/diyps.catolica.edu.sv\/investiga\/un-compromiso-con-la-sociedad\/\">Proyectos<\/a><\/li>\r\n                                <\/ul>\r\n                            <\/li>\r\n                            <li><a href=\"https:\/\/diyps.catolica.edu.sv\/investiga\/contacto\/\">Contacto<\/a><\/li>\r\n                        <\/ul>\r\n                    <\/div>\r\n                <\/div>\r\n                <div class=\"container text-on-background\" style=\"margin-top: 10%; padding-bottom: 1%;\">\r\n                    <p class=\"fw-bolder\" style=\"font-size: 60pt;\">CONTACTO<\/p>\r\n                <\/div>\r\n            <\/section>\r\n            <section style=\"background-color: white;\">\r\n                    <section style=\"background-color: white;\">\r\n                <section class=\"d-flex p-5 align-items-center justify-content-center\">\r\n                    <div class=\"container\">\r\n                        <div><p class=\"p-2 fs-3 fw-bold text-center border border-3 rounded-top\">SEDE CENTRAL<\/p><\/div>\r\n                        <div class=\"border border-3 rounded-bottom p-4\">\r\n                            <p><i class=\"bi bi-telephone-fill\"><\/i>  (503) 2484-0630<\/p><br>\r\n                                <p><i class=\"bi bi-envelope-fill\"><\/i> coordinacioniyps@catolica.edu.sv<\/p><br>\r\n                                <p><i class=\"bi bi-geo-alt-fill\"><\/i>  Universidad Cat\u00f3lica de El Salvador, Bypass\r\n                                    a Metap\u00e1n y carretera antigua a San\r\n                                    Salvador, Santa Ana, El Salvador\r\n                                <\/p><br>\r\n                                <p>La correspondencia deber\u00e1 dirigirse a: <br> MSc. Wendy V. Canizales de Cardona,<br> Coordinadora de Investigaci\u00f3n y Proyecci\u00f3n Social\r\n                                <\/p>    \r\n                        <\/div>\r\n                    <\/div>\r\n                    <div id=\"map-container-google-2\" class=\"z-depth-1-half map-container p-5 container\" style=\"height: auto\">\r\n                        <iframe src=\"https:\/\/www.google.com\/maps\/embed?pb=!1m18!1m12!1m3!1d3871.595117959427!2d-89.55006062490548!3d13.982688836433745!2m3!1f0!2f0!3f0!3m2!1i1024!2i768!4f13.1!3m3!1m2!1s0x8f62e62036825a69%3A0xec68b49f92513893!2sUNICAES%20Santa%20Ana!5e0!3m2!1sen!2ssv!4v1700931537365!5m2!1sen!2ssv\"\r\n                        width=\"100%\" height=\"450px\" style=\"border:0;\" allowfullscreen=\"\" loading=\"lazy\" referrerpolicy=\"no-referrer-when-downgrade\"><\/iframe>\r\n                      <\/div>\r\n                <\/section>\r\n            <section>\r\n                <!--<section class=\"d-flex p-5 fs-2 fw-bold\">\r\n                    <div class=\"container\">\r\n                        <div class=\"p-\">\r\n                            <p><i class=\"bi bi-telephone-fill\"><\/i>  (503) 2484-0630<\/p>\r\n                                <p><i class=\"bi bi-envelope-fill\"><\/i> coordinacioniyps@catolica.edu.sv<\/p>\r\n                                <p><i class=\"bi bi-geo-alt-fill\"><\/i>  Universidad Cat\u00f3lica de El Salvador, Bypass\r\n                                    a Metap\u00e1n y carretera antigua a San\r\n                                    Salvador, Santa Ana, El Salvador\r\n                                <\/p>\r\n                                <p>La correspondencia deber\u00e1 dirigirse a: <br> Msc. Wendy V. Canizales de Cardona,<br> Coordinadora de Investigaci\u00f3n y Proyecci\u00f3n Social\r\n                                <\/p>    \r\n                        <\/div>\r\n                    <\/div>\r\n                    <div class=\"container fs-2 fw-bold\">\r\n                        <div class=\"mb-3\">\r\n                            <label for=\"exampleFormControlInput1\" class=\"form-label\">Nombre:<\/label>\r\n                            <input type=\"email\" class=\"form-control\" id=\"exampleFormControlInput1\" placeholder=\"\">\r\n                        <\/div>\r\n                        <div class=\"mb-3\">\r\n                            <label for=\"exampleFormControlInput2\" class=\"form-label\">Correo electr\u00f3nico:<\/label>\r\n                            <input type=\"email\" class=\"form-control\" id=\"exampleFormControlInput2\" placeholder=\"\">\r\n                        <\/div>\r\n                        <div class=\"mb-3\">\r\n                            <label for=\"exampleFormControlTextarea1\" class=\"form-label\">Mensaje:<\/label>\r\n                            <textarea class=\"form-control\" id=\"exampleFormControlTextarea1\" rows=\"5\"><\/textarea>\r\n                        <\/div>\r\n                        <button type=\"submit\" class=\"btn btn-primary\">Enviar<\/button>\r\n                    <\/div>\r\n                <\/section>\r\n                <section>\r\n                    <div id=\"map-container-google-2\" class=\"z-depth-1-half map- container p-5\" style=\"height: auto\">\r\n                        <iframe src=\"https:\/\/www.google.com\/maps\/embed?pb=!1m18!1m12!1m3!1d3871.595117959427!2d-89.55006062490548!3d13.982688836433745!2m3!1f0!2f0!3f0!3m2!1i1024!2i768!4f13.1!3m3!1m2!1s0x8f62e62036825a69%3A0xec68b49f92513893!2sUNICAES%20Santa%20Ana!5e0!3m2!1sen!2ssv!4v1700931537365!5m2!1sen!2ssv\"\r\n                        width=\"100%\" height=\"700px\" style=\"border:0;\" allowfullscreen=\"\" loading=\"lazy\" referrerpolicy=\"no-referrer-when-downgrade\"><\/iframe>\r\n                      <\/div>\r\n                <\/section>-->\r\n            <\/section>\r\n            <footer>\r\n                <div class=\"d-flex p-1\" style=\"font-size: 11.4pt; background-color:#971C1F;\">\r\n                    <div class=\"p-2\">\r\n                        <a style=\"color: white;\" href=\"https:\/\/catolica.edu.sv\/\" target=\"_blank\" rel=\"noopener\">UNICAES<\/a>\r\n                    <\/div>\r\n                    <div class=\"p-2\">\r\n                        <a style=\"color: white;\" href=\"https:\/\/diyps.catolica.edu.sv\/investiga\/politica-privacidad\/\" target=\"_blank\" rel=\"noopener\">Pol\u00edticas<\/a>\r\n                    <\/div>\r\n                    <div class=\"p-2\">\r\n                        <a style=\"color: white;\" href=\"https:\/\/bibliotecaunicaes.catolica.edu.sv\/\" target=\"_blank\" rel=\"noopener\">Biblioteca Miguel de Cervantes<\/a>\r\n                    <\/div>\r\n                <\/div>\r\n            <\/footer>\r\n        <\/section>\r\n        <script src=\"https:\/\/cdn.jsdelivr.net\/npm\/bootstrap@5.3.2\/dist\/js\/bootstrap.bundle.min.js\" integrity=\"sha384-C6RzsynM9kWDrMNeT87bh95OGNyZPhcTNXj1NW7RuBCsyN\/o0jlpcV8Qyq46cDfL\" crossorigin=\"anonymous\"><\/script>\r\n        <script src=\"https:\/\/cdn.jsdelivr.net\/npm\/@popperjs\/core@2.11.8\/dist\/umd\/popper.min.js\" integrity=\"sha384-I7E8VVD\/ismYTF4hNIPjVp\/Zjvgyol6VFvRkX\/vR+Vc4jQkC+hVqc2pM8ODewa9r\" crossorigin=\"anonymous\"><\/script>\r\n        <script src=\"https:\/\/cdn.jsdelivr.net\/npm\/bootstrap@5.3.2\/dist\/js\/bootstrap.min.js\" integrity=\"sha384-BBtl+eGJRgqQAUMxJ7pMwbEyER4l1g+O15P+16Ep7Q9Q+zqX6gSbd85u4mG4QzX+\" crossorigin=\"anonymous\"><\/script>\r\n    <\/body>\r\n<\/html>\t\t<\/div>\n\t\t\t\t<\/div>\n\t\t\t\t<\/div>\n\t\t\t\t\t\t\t<\/div>\n\t\t","protected":false},"excerpt":{"rendered":"<p>Nosotros Investigaci\u00f3n Docentes investigadores Facultades Editorial Proyecci\u00f3n Social Modalidades Proyectos Contacto CONTACTO SEDE CENTRAL (503) 2484-0630 coordinacioniyps@catolica.edu.sv Universidad Cat\u00f3lica de El Salvador, Bypass a Metap\u00e1n y carretera antigua a San Salvador, Santa Ana, El Salvador La correspondencia deber\u00e1 dirigirse a: MSc. Wendy V. Canizales de Cardona, Coordinadora de Investigaci\u00f3n y Proyecci\u00f3n Social UNICAES Pol\u00edticas Biblioteca [&hellip;]<\/p>\n","protected":false},"author":2,"featured_media":0,"parent":0,"menu_order":0,"comment_status":"closed","ping_status":"closed","template":"elementor_canvas","meta":{"footnotes":""},"class_list":["post-1093","page","type-page","status-publish","hentry"],"_links":{"self":[{"href":"https:\/\/diyps.catolica.edu.sv\/investiga\/wp-json\/wp\/v2\/pages\/1093","targetHints":{"allow":["GET"]}}],"collection":[{"href":"https:\/\/diyps.catolica.edu.sv\/investiga\/wp-json\/wp\/v2\/pages"}],"about":[{"href":"https:\/\/diyps.catolica.edu.sv\/investiga\/wp-json\/wp\/v2\/types\/page"}],"author":[{"embeddable":true,"href":"https:\/\/diyps.catolica.edu.sv\/investiga\/wp-json\/wp\/v2\/users\/2"}],"replies":[{"embeddable":true,"href":"https:\/\/diyps.catolica.edu.sv\/investiga\/wp-json\/wp\/v2\/comments?post=1093"}],"version-history":[{"count":57,"href":"https:\/\/diyps.catolica.edu.sv\/investiga\/wp-json\/wp\/v2\/pages\/1093\/revisions"}],"predecessor-version":[{"id":3788,"href":"https:\/\/diyps.catolica.edu.sv\/investiga\/wp-json\/wp\/v2\/pages\/1093\/revisions\/3788"}],"wp:attachment":[{"href":"https:\/\/diyps.catolica.edu.sv\/investiga\/wp-json\/wp\/v2\/media?parent=1093"}],"curies":[{"name":"wp","href":"https:\/\/api.w.org\/{rel}","templated":true}]}}